r of 20979 and 8?
1
Calculate the highest common divisor of 144 and 6516.
36
Calculate the highest common divisor of 687582 and 2448.
306
What is the greatest common factor of 1720 and 6440?
40
Calculate the greatest common factor of 14771384 and 1348.
1348
What is the greatest common divisor of 275080 and 78?
26
What is the greatest common divisor of 3670 and 340?
10
What is the greatest common factor of 221 and 27228968?
221
Calculate the highest common factor of 246 and 1474647.
123
Calculate the highest common factor of 5402880 and 128.
128
Calculate the greatest common divisor of 19 and 88787.
19
What is the greatest common factor of 20 and 19702?
2
Calculate the greatest common divisor of 4125 and 24.
3
Calculate the greatest common factor of 24828 and 60.
12
Calculate the highest common divisor of 4386 and 3009.
51
What is the greatest common divisor of 2170 and 471200?
310
What is the greatest common divisor of 2178 and 836?
22
Calculate the greatest common divisor of 3252 and 960.
12
Calculate the greatest common factor of 42343 and 9338.
161
Calculate the greatest common factor of 240706 and 1708.
122
Calculate the greatest common factor of 638 and 37334.
22
Calculate the highest common divisor of 108 and 17244.
36
Calculate the highest common factor of 108 and 167964.
12
What is the highest common factor of 13973 and 194209?
157
What is the greatest common divisor of 24288 and 38709?
759
What is the highest common factor of 140881 and 13?
13
Calculate the greatest common divisor of 416175 and 1860.
465
What is the greatest common factor of 16756 and 2832?
236
Calculate the greatest common factor of 583 and 95029.
583
What is the highest common factor of 33 and 24783?
33
Calculate the greatest common factor of 187 and 96283.
11
What is the greatest common factor of 369 and 705036?
123
Calculate the greatest common divisor of 10287 and 4662.
9
What is the highest common divisor of 40015 and 1855?
265
Calculate the highest common factor of 48 and 10884.
12
Calculate the highest common factor of 570353 and 413.
413
What is the highest common divisor of 92884 and 1298?
22
What is the greatest common factor of 27760 and 56?
8
What is the highest common divisor of 74124 and 12?
12
What is the greatest common divisor of 4234 and 5110?
146
Calculate the highest common divisor of 142085 and 157.
157
Calculate the greatest common factor of 1599 and 507.
39
Calculate the highest common divisor of 478 and 227050.
478
What is the highest common factor of 212783 and 3829?
547
What is the greatest common divisor of 2424832 and 512?
512
What is the greatest common factor of 20895 and 2415?
105
What is the highest common factor of 14904 and 1320?
24
Calculate the highest common factor of 286466 and 129.
43
Calculate the greatest common divisor of 66029 and 5.
1
What is the highest common factor of 258 and 35733?
129
Calculate the highest common divisor of 8938 and 1804.
82
Calculate the greatest common factor of 111671 and 212.
53
What is the highest common factor of 22126 and 138?
46
What is the highest common divisor of 541222 and 292?
146
Calculate the highest common factor of 83131 and 354.
59
Calculate the highest common factor of 45752 and 1938.
38
What is the greatest common factor of 21 and 239631?
21
Calculate the highest common divisor of 242 and 11809358.
242
What is the highest common divisor of 108 and 3057966?
54
Calculate the highest common factor of 359 and 1975577.
359
Calculate the greatest common factor of 24 and 4342308.
12
What is the highest common divisor of 1860 and 645?
15
What is the greatest common factor of 26214 and 3084?
1542
What is the greatest common factor of 22529 and 91?
13
What is the greatest common factor of 1189122 and 172?
86
Calculate the highest common factor of 1164 and 190023.
291
Calculate the highest common divisor of 1114 and 375418.
1114
What is the highest common factor of 214 and 903615?
107
Calculate the greatest common divisor of 32 and 24704.
32
Calculate the greatest common divisor of 71721 and 5109.
39
What is the highest common divisor of 5969 and 47?
47
Calculate the greatest common factor of 35 and 712551.
7
What is the greatest common divisor of 880 and 290?
10
Calculate the greatest common divisor of 44682 and 11.
11
What is the highest common divisor of 61523 and 1122?
187
What is the highest common factor of 75 and 24135?
15
Calculate the greatest common factor of 1931655 and 275.
55
Calculate the highest common divisor of 30 and 1038.
6
What is the highest common factor of 184 and 27416?
184
What is the greatest common factor of 4300 and 1100?
100
What is the greatest common divisor of 1843 and 7486?
19
Calculate the highest common divisor of 146812 and 136.
68
Calculate the highest common divisor of 1237040 and 1175.
235
What is the highest common factor of 8235 and 7515?
45
What is the highest common factor of 38 and 21622?
38
Calculate the greatest common factor of 98432 and 160.
32
What is the highest common divisor of 20880 and 1170?
90
What is the highest common divisor of 131076 and 132?
132
Calculate the greatest common divisor of 2205 and 30625.
245
What is the highest common divisor of 6680 and 2839?
167
What is the highest common factor of 2688 and 217392?
336
Calculate the greatest common divisor of 32900 and 868.
28
What is the highest common divisor of 8 and 7196?
4
Calculate the greatest common factor of 1008 and 34704.
144
Calculate the highest common divisor of 22562 and 1102.
58
What is the greatest common divisor of 30548 and 42?
14
What is the greatest common divisor of 670 and 539015?
335
What is the highest common factor of 4435 and 560?
5
Calculate the greatest common factor of 8 and 78724.
4
What is the highest common divisor of 32 and 312?
8
What is the highest common divisor of 272 and 10288?
16
Calculate the greatest common factor of 274 and 83981.
137
Calculate the highest common divisor of 246 and 1320.
6
Calculate the highest common divisor of 5380 and 1020.
20
What is the highest common divisor of 28 and 1098902?
14
What is the greatest common factor of 10388 and 2688?
28
Calculate the highest common factor of 22 and 410960.
22
What is the greatest common factor of 57928 and 104?
104
Calculate the highest common divisor of 5809 and 16243.
37
Calculate the greatest common divisor of 32250 and 270.
30
Calculate the greatest common divisor of 657889 and 159.
53
What is the greatest common divisor of 42 and 1118656?
14
What is the greatest common divisor of 18 and 10503?
9
What is the highest common factor of 41280 and 180?
60
What is the highest common divisor of 320580 and 548?
548
Calculate the highest common divisor of 3355575 and 10.
5
What is the highest common divisor of 767 and 1157?
13
Calculate the greatest common factor of 238637 and 2044.
511
What is the highest common factor of 2835 and 43335?
405
Calculate the highest common factor of 12 and 61935.
3
Calculate the greatest common divisor of 104374 and 92.
46
What is the highest common factor of 5033105 and 70?
35
Calculate the greatest common factor of 2067 and 15249.
39
What is the greatest common factor of 22746 and 102?
102
Calculate the greatest common divisor of 1094988 and 24.
12
Calculate the highest common divisor of 481696 and 352.
32
What is the greatest common divisor of 228 and 6353562?
114
What is the highest common divisor of 8560 and 4815?
535
Calculate the highest common factor of 37 and 331816.
37
Calculate the highest common factor of 240 and 563568.
48
Calculate the highest common divisor of 4 and 337.
1
What is the highest common factor of 641 and 339089?
641
What is the highest common divisor of 168535 and 5?
5
Calculate the greatest common factor of 16064 and 256.
64
Calculate the highest common divisor of 208 and 9056424.
104
Calculate the greatest common divisor of 259 and 126.
7
Calculate the highest common divisor of 25783 and 276.
23
Calculate the highest common divisor of 42136 and 8280.
184
What is the greatest common factor of 52241 and 119?
119
Calculate the greatest common factor of 54234 and 180.
18
Calculate the highest common factor of 82 and 21689.
41
Calculate the highest common divisor of 3198 and 299.
13
What is the greatest common factor of 16336 and 12